{"id":745,"date":"2018-08-31T12:33:11","date_gmt":"2018-08-31T15:33:11","guid":{"rendered":"https:\/\/isfdsrosa-lpa.infd.edu.ar\/sitio\/elecciones-del-consejo-institucional\/"},"modified":"2026-02-13T20:56:34","modified_gmt":"2026-02-13T23:56:34","slug":"elecciones-del-consejo-institucional","status":"publish","type":"page","link":"https:\/\/isfdsrosa-lpa.infd.edu.ar\/sitio\/elecciones-del-consejo-institucional\/","title":{"rendered":"Elecciones del Consejo Institucional"},"content":{"rendered":"<p><strong>REPRESENTANTES ELECTOS &#8211; CONFORMACI\u00d3N DEL CONSEJO INSTITUCIONAL<\/strong><\/p>\n<p>ISFD \u201cEscuela Normal\u201d de Santa Rosa<\/p>\n<hr \/>\n<p><strong>Estamento Estudiantes<\/strong><\/p>\n<p>Consejeras PEP: CARRASCO Camila y TINELLI Mar\u00eda In\u00e9s<\/p>\n<p>Consejeras PEI: MART\u00cdNEZ CORONEL Aitor I\u00f1aki y MONTIEL Bianca Abril<\/p>\n<hr \/>\n<p><strong>Estamento Docentes<\/strong><\/p>\n<p>Consejera y Consejero Titulares PEI: Prof. Mar\u00eda Gisel CABADA y Prof. Leonardo LEDESMA<\/p>\n<p>Consejeras Suplentes PEI: Prof. Judith MOLINI \u2013 Prof. Gisela HIRTZ<\/p>\n<p>Consejeras Titulares PEP: Prof. Astrid TAMAGNONE y Prof. Emilia GAICH<\/p>\n<p>Consejera y Consejero Suplentes PEP: Prof. Silvia CORNIGLIONE y Prof. Mario PORFIRI<\/p>\n<hr \/>\n<p><strong>Estamento Administrativos<\/strong><\/p>\n<p>Consejero Titular: Prof. Tom\u00e1s Villarreal D\u00b4ATRI<\/p>\n<p>Consejera Suplente: Prof. Magdalena LEDESMA<\/p>\n","protected":false},"excerpt":{"rendered":"<p>REPRESENTANTES ELECTOS &#8211; CONFORMACI\u00d3N DEL CONSEJO INSTITUCIONAL ISFD \u201cEscuela Normal\u201d de Santa Rosa Estamento Estudiantes Consejeras PEP: CARRASCO Camila y TINELLI Mar\u00eda In\u00e9s Consejeras PEI: MART\u00cdNEZ CORONEL Aitor I\u00f1aki y MONTIEL Bianca Abril Estamento Docentes Consejera y Consejero Titulares PEI: Prof. Mar\u00eda Gisel CABADA y Prof. Leonardo LEDESMA Consejeras Suplentes PEI: Prof. Judith MOLINI \u2013 &#8230; <a title=\"Elecciones del Consejo Institucional\" class=\"read-more\" href=\"https:\/\/isfdsrosa-lpa.infd.edu.ar\/sitio\/elecciones-del-consejo-institucional\/\" aria-label=\"More on Elecciones del Consejo Institucional\">[+]<\/a><\/p>\n","protected":false},"author":7,"featured_media":0,"parent":0,"menu_order":0,"comment_status":"closed","ping_status":"closed","template":"","meta":[],"acf":[],"_links":{"self":[{"href":"https:\/\/isfdsrosa-lpa.infd.edu.ar\/sitio\/wp-json\/wp\/v2\/pages\/745"}],"collection":[{"href":"https:\/\/isfdsrosa-lpa.infd.edu.ar\/sitio\/wp-json\/wp\/v2\/pages"}],"about":[{"href":"https:\/\/isfdsrosa-lpa.infd.edu.ar\/sitio\/wp-json\/wp\/v2\/types\/page"}],"author":[{"embeddable":true,"href":"https:\/\/isfdsrosa-lpa.infd.edu.ar\/sitio\/wp-json\/wp\/v2\/users\/7"}],"replies":[{"embeddable":true,"href":"https:\/\/isfdsrosa-lpa.infd.edu.ar\/sitio\/wp-json\/wp\/v2\/comments?post=745"}],"version-history":[{"count":2,"href":"https:\/\/isfdsrosa-lpa.infd.edu.ar\/sitio\/wp-json\/wp\/v2\/pages\/745\/revisions"}],"predecessor-version":[{"id":1358,"href":"https:\/\/isfdsrosa-lpa.infd.edu.ar\/sitio\/wp-json\/wp\/v2\/pages\/745\/revisions\/1358"}],"wp:attachment":[{"href":"https:\/\/isfdsrosa-lpa.infd.edu.ar\/sitio\/wp-json\/wp\/v2\/media?parent=745"}],"curies":[{"name":"wp","href":"https:\/\/api.w.org\/{rel}","templated":true}]}}