{"id":1014,"date":"2022-12-06T21:27:14","date_gmt":"2022-12-07T00:27:14","guid":{"rendered":"https:\/\/isfdsrosa-lpa.infd.edu.ar\/sitio\/?page_id=1014"},"modified":"2025-11-13T20:18:45","modified_gmt":"2025-11-13T23:18:45","slug":"profesorados-de-inicial-y-primaria-inscripciones-2023","status":"publish","type":"page","link":"https:\/\/isfdsrosa-lpa.infd.edu.ar\/sitio\/profesorados-de-inicial-y-primaria-inscripciones-2023\/","title":{"rendered":"Inscripciones a Profesorados"},"content":{"rendered":"\n<p class=\"has-base-3-color has-vivid-cyan-blue-to-vivid-purple-gradient-background has-text-color has-background\">A los\/as interesados\/as en las carreras de formaci\u00f3n docente del ISFD Escuela Normal Santa Rosa: <strong>Profesorado de Educaci\u00f3n Primaria <\/strong>y<strong> Profesorado de Educaci\u00f3n Inicial,<\/strong> se les recomienda visitar el siguiente link del sitio web del <em>Ministerio de Educaci\u00f3n de La Pampa<\/em>. <\/p>\n\n\n\n<p>El acceso es el siguiente:&nbsp;<\/p>\n\n\n\n<p><strong>INSCRIPCIONES A PROFESORADOS<\/strong>: <a href=\"https:\/\/sitio.lapampa.edu.ar\/index.php\/educacion-informa-medios\/item\/inician-inscripciones-para-ingresar-a-1-ano-de-profesorados\">https:\/\/sitio.lapampa.edu.ar\/index.php\/educacion-informa-medios\/item\/inician-inscripciones-para-ingresar-a-1-ano-de-profesorados<\/a><\/p>\n\n\n\n<p><strong>INFORMACI\u00d3N &#8211; VIDEOS INSTRUCTIVOS PARA EL REGISTRO EN VOZxVOS Y LA INSCRIPCI\u00d3N:<\/strong> <a href=\"https:\/\/sitio.lapampa.edu.ar\/index.php\/unidades-de-organizacion\/ministerio-de-educacion\/subsecretaria-de-educacion\/direccion-general-de-educacion-superior?id=1141\">https:\/\/sitio.lapampa.edu.ar\/index.php\/unidades-de-organizacion\/ministerio-de-educacion\/subsecretaria-de-educacion\/direccion-general-de-educacion-superior?id=1141<\/a><\/p>\n\n\n\n<p><\/p>\n\n\n\n<p><\/p>\n\n\n\n<p><\/p>\n","protected":false},"excerpt":{"rendered":"<p>A los\/as interesados\/as en las carreras de formaci\u00f3n docente del ISFD Escuela Normal Santa Rosa: Profesorado de Educaci\u00f3n Primaria y Profesorado de Educaci\u00f3n Inicial, se les recomienda visitar el siguiente link del sitio web del Ministerio de Educaci\u00f3n de La Pampa. El acceso es el siguiente:&nbsp; INSCRIPCIONES A PROFESORADOS: https:\/\/sitio.lapampa.edu.ar\/index.php\/educacion-informa-medios\/item\/inician-inscripciones-para-ingresar-a-1-ano-de-profesorados INFORMACI\u00d3N &#8211; VIDEOS INSTRUCTIVOS PARA &#8230; <a title=\"Inscripciones a Profesorados\" class=\"read-more\" href=\"https:\/\/isfdsrosa-lpa.infd.edu.ar\/sitio\/profesorados-de-inicial-y-primaria-inscripciones-2023\/\" aria-label=\"More on Inscripciones a Profesorados\">[+]<\/a><\/p>\n","protected":false},"author":2477,"featured_media":0,"parent":0,"menu_order":0,"comment_status":"closed","ping_status":"closed","template":"","meta":[],"acf":[],"_links":{"self":[{"href":"https:\/\/isfdsrosa-lpa.infd.edu.ar\/sitio\/wp-json\/wp\/v2\/pages\/1014"}],"collection":[{"href":"https:\/\/isfdsrosa-lpa.infd.edu.ar\/sitio\/wp-json\/wp\/v2\/pages"}],"about":[{"href":"https:\/\/isfdsrosa-lpa.infd.edu.ar\/sitio\/wp-json\/wp\/v2\/types\/page"}],"author":[{"embeddable":true,"href":"https:\/\/isfdsrosa-lpa.infd.edu.ar\/sitio\/wp-json\/wp\/v2\/users\/2477"}],"replies":[{"embeddable":true,"href":"https:\/\/isfdsrosa-lpa.infd.edu.ar\/sitio\/wp-json\/wp\/v2\/comments?post=1014"}],"version-history":[{"count":7,"href":"https:\/\/isfdsrosa-lpa.infd.edu.ar\/sitio\/wp-json\/wp\/v2\/pages\/1014\/revisions"}],"predecessor-version":[{"id":1223,"href":"https:\/\/isfdsrosa-lpa.infd.edu.ar\/sitio\/wp-json\/wp\/v2\/pages\/1014\/revisions\/1223"}],"wp:attachment":[{"href":"https:\/\/isfdsrosa-lpa.infd.edu.ar\/sitio\/wp-json\/wp\/v2\/media?parent=1014"}],"curies":[{"name":"wp","href":"https:\/\/api.w.org\/{rel}","templated":true}]}}